21
What is 21 + (146 - 230) - 40?
-103
What is -2 + (1 - (2 + -18) - (-91 + 112 - 23))?
17
What is the value of 33 - ((9 - 1 - (36 + -46)) + -15)?
30
Evaluate 339 + -263 - (0 + 23).
53
Evaluate (1 - -9) + -17 + 202 + -134.
61
Evaluate -2 + 1 + 4 + -8 + (29 - (59 + -36)).
1
Evaluate (70 - 0) + (-132 - -61 - -53) + 2.
54
What is 40 - (-7 + (-9 - -6 - 4) - (17 + -20))?
51
What is the value of 32 + -40 + (61 - 28)?
25
Evaluate (111 - 63) + (0 - -6) + -4 - 10.
40
What is the value of -188 + 181 - (0 + 36) - -4?
-39
What is ((-43 - -74) + -57 - (0 - 14)) + (-14 - 5)?
-31
Calculate 1 - (23 + (-16 - 14) - 14).
22
-1 + (-1 + (3 - 113) - (1360 - 1379))
-93
What is 33626 + -33564 - (7 - 1 - (-4 + 2 + 3))?
57
What is (-8 - -21) + (-89 + 81 - -22)?
27
Calculate -12 + 0 + -73 + 62 + -4.
-27
What is the value of 24 + -75 - (-11 - 64)?
24
What is -23 + -36 + 146 - 40?
47
Calculate 128 + -22 + -88 + 1.
19
Calculate -87 - (0 + 0 + -138 + 121 + 15).
-85
Calculate 102 - (436 + -339) - (-12 + -1).
18
4 - (-16 + 2) - 5 - (598 + -539)
-46
Calculate -60 + 1 - (-1 - (10 + 8 + -10)).
-50
What is the value of 3 - (4 + -1) - (10 + -36) - -1?
27
111 + -12 + -21 + (-16 + 23 - (-6 + 0))
91
What is the value of (-71 + -23 - 4) + (22 - 1)?
-77
What is (-180 - -358) + -220 + (42 - -2)?
2
What is 64 - 52 - (23 + -24 - 91)?
104
Evaluate -12 + 25 + -16 + 76 - (2 + -5 + -2).
78
Evaluate (24 - (55 - 42) - (26 + -5)) + 107.
97
Evaluate -32 + 30 - (-3 - (-4 + -32 + 6)).
-29
-7 + (-141 - -131) + (-50 + -4 - (4 - 8))
-67
What is the value of 16 + 0 - (-39 + 54 + (-14 - 13))?
28
What is the value of (2 - 0) + -7 + 543 + -537?
1
What is the value of (-14 - 3) + (-16 - 45) + -67?
-145
What is 0 - 3 - ((106 - 63) + 19 + -53)?
-12
What is the value of 28 - (18 - -2) - (4 + 1 + -9 - 110)?
122
Evaluate -69 - (67 + -73) - -100.
37
What is (3 - -18 - -7) + -2 - (-74 - -83)?
17
Calculate 6 + -23 + -10 + 7 + -1 + 4 + 2.
-15
What is (5 + (0 - -7) - 22 - -3) + -3 + 28?
18
Calculate -1 - 3 - (-549 - -597 - (-2 + 71)).
17
What is (-4 - 3) + -1 - (8 + 23 - 4)?
-35
0 + 6 + -72 + (-28 - -65) + -12
-41
Calculate (24 - (-21 + 12)) + (16 - 6).
43
Calculate (45 - 33 - 66) + 34.
-20
Calculate (16 - 2) + (-23 - 0) + 74 + (1 - 10).
56
What is 10 + (75 - 50) - 6?
29
Calculate 29 - (27 - -4) - (-5 - 13).
16
What is 59 + (55 - (-43 - -79))?
78
10 - (-3 + 27 + -14) - -4 - 12
-8
-48 - ((8 - (-18 + 34)) + -6)
-34
What is the value of -8 - ((4 - (10 - (-97 + 5 + -3))) + -4)?
97
What is -39 + -18 + 95 + -43?
-5
What is the value of 6 + 8 + (1 - (7 + 19)) - 17?
-28
Calculate 10 + (-17 + 15 - 44 - (-3 + -7)) + -5.
-31
What is the value of (-32 - (-52 + 36)) + (58 - (-11 + 24))?
29
Calculate (-1 - -87) + 0 + (-281 + 92 - -191).
88
What is 2 + 87 - (-280 - -340)?
29
What is 18 - (-54 + 60 - 29)?
41
Calculate 422 - 397 - (37 + 0) - (3 + (4 - 8)).
-11
What is (-5 + 13 - -29) + -15 + -9 + 2 + 24?
39
What is 478 + -476 + 3 + -7 + 70?
68
Evaluate 0 + 44 + (15 - -36 - 52).
43
Evaluate (-95 + 88 - (4 + -124)) + -12 + (-3 - -2).
100
What is -86 - (19 + -38 - 29)?
-38
What is 0 + 6 + (18 + -34 - -38) + -77?
-49
Calculate 4 + (35 - 36) + -3 - (-25 + 0).
25
Calculate 11 + (-28 - -86) - (-20 - -16 - (-1 + -6)).
66
Calculate 1 + -4 + (9 - 13) - (-3 - (-12 - -14)).
-2
-27815 - -27711 - (1 + -178)
73
1 - (-52 - (-16 - 0) - -35)
2
Calculate 17 + 2 - (-10 - (17 + -24) - -110).
-88
164 + -97 - (-2 - -103)
-34
What is the value of 48 + (-58 - -49) - 104?
-65
(7 + (5 - 20) - -26) + -28
-10
Calculate 20 - (-44 - (-29 + -1) - (9 + -1)).
42
What is -2 + 52 - (-552 - -585)?
17
Evaluate (13 - 23) + (-13 - -16) + 0 + 4.
-3
What is the value of 36 + -24 - ((34 - 24) + (-7 - -2))?
7
Calculate (36 - (-10 - (-47 - -1))) + -7.
-7
Evaluate 24 + (10 - (-12 + (1 + 33 - (25 + -14)))).
23
Calculate 58 + -13 - (25 + -7 + (4 - 3)).
26
What is -3 + 13 - (-909 - -969 - (0 - -2 - 2))?
-50
What is the value of 38 - (123 + -100) - (144 - -5)?
-134
What is the value of (9 - -56 - 106) + 21?
-20
What is 92 - 196 - (0 + -10) - -23?
-71
What is -10 - (16 + 2 + (8 - 28)) - (-2 + -104)?
98
(10 - 27) + 16 - (-52 - (-5 - (6 + -8)))
48
What is -16 + 0 + 9 - (-1279 - -1245)?
27
Evaluate 41 + 1 + (-489 - -522) + (4 - -2).
81
What is the value of (-32 - -3) + (-33 - -25)?
-37
What is the value of (3 - -1 - (-43 + 7)) + (-21 + 32 - 2)?
49
Calculate 48 - (10 + 30 - -49).
-41
What is -35 + 0 + (103 - 110) + 9?
-33
1 + -14 + (49 - (-20 + 50) - (12 - -2))
-8
Evaluate 2 + -7 + 879 + -931 + 0 + 25.
-32
-237 + 229 - (-1 - 2 - (3 + (-1 - 3)))
-6
What is 10 - 4 - -1 - ((-54 - 0) + (-21 - -19))?
63
What is -463 - -536 - (56 - 2)?
19
-6 + (-29 - (0 + -3)) + 11 + -11 + 4
-28
What is 0 + -25 + (-9636 - -9621)?
-40
Evaluate 2 + -3 - (-1 - 33) - (118 - 131 - -9).
37
(-110 + 4 - -111) + (20 - 1)
24
-14 + (15 - -145) - 4 - (-11 + -1 - -25)
129
What is 16 - (-21 + (-6 - 32))?
75
What is the value of (-5 + -2 - -9) + -58 + (1 + 0 - 0)?
-55
Calculate 2621 + -2547 + 2 + -50.
26
Evaluate 30 - ((24 + -8 - 25) + -1 + 21).
19
What is 44 - ((-22 - (-55 + 33)) + (9 - 1))?
36
Calculate 2247 + -2231 - (3 - (-14 - 3)).
-4
Calculate (-9 - (-17 - -16)) + -2 + 0 + 5 + -10.
-15
Evaluate 18 - (1911 - 1936 - (63 - 1)).
105
Calculate 0 + (-28 - -10) + (-71 - -60).
-29
272 + -267 + (24 - ((4 - 1) + -4))
30
Calculate (-75 - -61) + ((-1 - 2) + 8 - 46).
-55
What is the value of 47 - 13 - 42 - (0 - 27) - 0?
19
Calculate 12 + (-12 - (31 + -17)) - (-2 - -2).
-14
What is -255 + 187 - (-9 - 23)?
-36
Calculate -10 - (7 - 38) - (122 + -118) - 130.
-113
Evaluate (106 - 318 - -115) + 131.
34
40 + -41 + 15 + 1 - (73 - (16 + -45))
-87
(39 - 6) + -1192 + 1116
-43
What is (-18 - (6 - 32)) + (-93 + -7 - (5 - 1))?
-96
What is -1 - (-28 - -1) - (-73 + 34 - (-32 + 1))?
34
What is 43 + (24 - 42 - (-7 + 2 + -8))?
38
What is the value of -12 - -36 - 18 - (43 + -40)?
3
12 + 2 - (-77 - (-52 + -15))
24
What is the value of (72 - (-88 - -146)) + -64 + (1 - 3)?
-52
Calculate -106 - (-1 - (-8 - (-9 - -16)) - 31).
-89
-17 + 1 + 10 + 24 + (-68 - (-10 + -16))
-24
(-11 + 3 - -27) + -20 + -110
-111
Calculate -13 - 4 - (-96 + (83 - -70)).
-74
(-2 - -3 - (1 - -5 - -2)) + 26774 + -26735
32
Evaluate 1 + -11 - ((0 - 7) + 58 - -4 - 12).
-53
What is (5 + 2 - -26) + -470 + 440?
3
(5 - (7 + 3) - -6) + -142 + 162
21
What is the value of -1 + -41 + 154 + -17?
95
What is the value of -10 - (-72 + 103 - (13 + -1))?
-29
-4 - (-2 + -19 - (-1 + -14 + 5))
7
What is (-100 - 0) + 3870 + -3676?
94
What is -14 + 7 - (-18 - -39 - 11 - (-1 - -74))?
56
What is the value of 3 - 3 - 83 - (-20 - -10) - -12 - 0?
-61
What is -88 + 33 + (-3 - 1)?
-59
-162 - 69 - (-136 - 8)
-87
(-24 - ((-35 - 15) + -13)) + 2 + -4
37
Calculate (-28 - (-59 + 67)) + -31 + 0.
-67
What is the value of -35 + (-1 - -7 - 0) + (48 - (-48 + 113))?
-46
Evaluate (0 - 0) + -13 + 3 + (61523 - 61493).
20
What is (-92 - (-83 - -15)) + -16 + 2?
-38
Calculate -15 + (3 + 90 - -1 - (1186 + -1182)).
75
Evaluate -44 - (6 - 4) - (-6 - (-6 - 26) - 18).
-54
Calculate 6 + (-10 - (-3 - (-5 - -16))) - (2 - 28).
36
Calculate (205 + -168 - (36 - 0)) + (31 - 0).
32
Calculate -58 + 16 - (10 + -37) - (48 - -1).
-64
What is the value of 22 + -12 - (-13 - ((-5 - 25) + -7))?
-14
-80 - (127 - 3 - 131)
-73
Evaluate -33 + -2 - (133 + 39 - 306).
99
Calculate -17 - ((17 - 6) + -16 - -20).
-32
Calculate -28 + (1 - 4) + 5 + (102 - (110 + 5)).
-39
Evaluate (-102 - -114) + 59 + -83.
-12
What is the value of -86 - (41 - (158 - 38))?
-7
Evaluate -18 + -4 + 12 + 21 + 8.
19
Calculate 49 + 0 - (-41 + -202 + 199).
93
-28 - (-6 - -37) - -48
-11
Evaluate -10 + (10 - (-4 - 5 - -15)) - 8.
-14
What is 4 - (7 + (-10 - -8) - -28)?
-29
What is 3 - -99 - 0 - (-69 - (56 + -142))?
85
Calculate (-63 - -33) + 34 + -23.
-19
Evaluate 15 + -2 + 17 + -32 - (-18 - 6).
22
(21 + 41 - -38) + -104
-4
-45 + 36 - (-51 + (-15 - -26))
31
What is the value of 2026 - 1965 - ((-1 + -1 - 1) + (2 - 5))?
67
(-24 - 7) + -8 + (4 - ((24 - 11) + -12))
-36
Calculate (-3 - (0 - 0)) + 47 + -39 + 7.
12
Calculate 8 - -5 - (-16 - 19).
48
What is the value of -3 + 5 - (-35 + 30 + -23 + 20)?
10
-75 - (-111 - (15 - 20))
31
Evaluate (0 + 1 - 3) + (22 - -121) + -183.
-42
Calculate -2187 - -2137 - (-5 + -9).
-36
3 + 60 + (-25 - 41)
-3
What is the value of 9 - (-42 + -3 + 18)?
36
What is